actors of 67799464.
2, 373, 22721
What are the prime factors of 398892524?
2, 787, 126713
What are the prime factors of 990220249?
990220249
What are the prime factors of 183977047?
183977047
What are the prime factors of 292605735?
3, 5, 19507049
List the prime factors of 40229093.
23, 1749091
What are the prime factors of 36252955?
5, 71, 102121
What are the prime factors of 89035534?
2, 7, 31, 205151
What are the prime factors of 9137462?
2, 4568731
What are the prime factors of 3364312401?
3, 97, 15859
What are the prime factors of 753550991?
37, 550439
What are the prime factors of 2138718212?
2, 109, 4905317
What are the prime factors of 2298163470?
2, 3, 5, 211, 363059
List the prime factors of 89166613.
383, 232811
List the prime factors of 2666222999.
11, 17, 14257877
What are the prime factors of 852857530?
2, 5, 7, 17, 716687
List the prime factors of 3060079158.
2, 3, 510013193
List the prime factors of 660902972.
2, 8597, 19219
List the prime factors of 271232486.
2, 7, 19, 241, 4231
What are the prime factors of 1033985043?
3, 7, 13, 593, 2129
What are the prime factors of 11657597?
7, 17, 163, 601
What are the prime factors of 874713?
3, 7, 23, 1811
List the prime factors of 3518288479.
1483, 2372413
List the prime factors of 16983152.
2, 401, 2647
List the prime factors of 204379561.
19, 839, 12821
What are the prime factors of 341933681?
341933681
What are the prime factors of 44491780?
2, 5, 1069, 2081
What are the prime factors of 32256882?
2, 3, 7, 67, 3821
List the prime factors of 256978788.
2, 3, 11, 1946809
What are the prime factors of 66471341?
89, 746869
What are the prime factors of 1573420727?
167, 193, 48817
What are the prime factors of 895126412?
2, 29, 7716607
What are the prime factors of 2971069487?
197, 15081571
List the prime factors of 24307654.
2, 7, 17, 109, 937
What are the prime factors of 37226405?
5, 53, 140477
What are the prime factors of 6265140331?
31, 193, 1047157
What are the prime factors of 1841657?
1841657
What are the prime factors of 30163393?
13, 19, 29, 4211
List the prime factors of 6886384.
2, 23, 18713
What are the prime factors of 1554938460?
2, 3, 5, 23, 379, 991
What are the prime factors of 6306675688?
2, 977, 806893
What are the prime factors of 183006163?
183006163
What are the prime factors of 113864888?
2, 109, 130579
What are the prime factors of 536154538?
2, 3067, 87407
List the prime factors of 1201578356.
2, 11, 277, 311, 317
What are the prime factors of 548002138?
2, 274001069
List the prime factors of 181788589.
1907, 95327
What are the prime factors of 408522388?
2, 3637, 28081
What are the prime factors of 97999423?
127, 197, 3917
What are the prime factors of 3473908621?
271, 12818851
List the prime factors of 1049871404.
2, 6449, 40699
List the prime factors of 26770180.
2, 5, 547, 2447
List the prime factors of 15504178.
2, 73, 103, 1031
List the prime factors of 1081001820.
2, 3, 5, 433, 41609
What are the prime factors of 290732529?
3, 96910843
What are the prime factors of 105628800?
2, 3, 5, 11003
What are the prime factors of 124084067?
67, 89, 20809
What are the prime factors of 214441737?
3, 71480579
What are the prime factors of 212661955?
5, 11, 3866581
List the prime factors of 123493573.
7, 2520277
List the prime factors of 12497232.
2, 3, 11, 23669
List the prime factors of 467474756.
2, 7, 16695527
What are the prime factors of 1165418922?
2, 3, 19, 10222973
What are the prime factors of 2809664685?
3, 5, 139, 149729
What are the prime factors of 2438262378?
2, 3, 45153007
List the prime factors of 5721565192.
2, 7, 23, 4442209
List the prime factors of 1402890483.
3, 37, 179, 70607
List the prime factors of 96760013.
7, 13822859
List the prime factors of 3611224844.
2, 31, 599, 48619
What are the prime factors of 42693077?
7, 6099011
What are the prime factors of 357530972?
2, 307, 359, 811
What are the prime factors of 116611888?
2, 47, 155069
What are the prime factors of 144917109?
3, 251, 64151
What are the prime factors of 56511835?
5, 11302367
List the prime factors of 983520486.
2, 3, 13, 199, 21121
What are the prime factors of 15065630?
2, 5, 1506563
What are the prime factors of 105741717?
3, 17, 2073367
List the prime factors of 476739766.
2, 61, 443, 8821
What are the prime factors of 786781650?
2, 3, 5, 5245211
List the prime factors of 3963978056.
2, 19, 23, 1133861
List the prime factors of 11670571.
11, 96451
List the prime factors of 1234979310.
2, 3, 5, 41165977
What are the prime factors of 1932599568?
2, 3, 43, 491, 1907
List the prime factors of 392237599.
13, 223, 135301
What are the prime factors of 1024673076?
2, 3, 7, 67, 60689
What are the prime factors of 6144886906?
2, 83, 907, 40813
What are the prime factors of 8252556676?
2, 7, 13, 23, 20117
List the prime factors of 6241463712.
2, 3, 11, 971, 2029
What are the prime factors of 2017871452?
2, 191, 2641193
What are the prime factors of 58901228?
2, 43, 342449
What are the prime factors of 18969945?
3, 5, 1264663
List the prime factors of 5200797459.
3, 11, 13, 359, 33769
List the prime factors of 18507261.
3, 6169087
What are the prime factors of 149775621?
3, 49925207
List the prime factors of 76642182.
2, 3, 4257899
List the prime factors of 69400495.
5, 41, 43, 7873
What are the prime factors of 215212290?
2, 3, 5, 7173743
List the prime factors of 705488502.
2, 3, 1303, 90239
What are the prime factors of 122679610?
2, 5, 619, 19819
List the prime factors of 1423092102.
2, 3, 283, 838099
List the prime factors of 73785247.
101, 149, 4903
List the prime factors of 1588861505.
5, 7, 11, 23, 25633
What are the prime factors of 428615054?
2, 7, 4373623
What are the prime factors of 28810846?
2, 14405423
What are the prime factors of 43300570?
2, 5, 43, 100699
List the prime factors of 873577567.
1709, 511163
List the prime factors of 4995585490.
2, 5, 7, 17, 53, 103, 769
What are the prime factors of 1507049466?
2, 3, 13, 43, 613, 733
List the prime factors of 50532842.
2, 1103, 22907
What are the prime factors of 85053550?
2, 5, 17, 47, 2129
List the prime factors of 388042410.
2, 3, 5, 7, 59, 31319
List the prime factors of 216204292.
2, 31, 127, 13729
What are the prime factors of 41966268?
2, 3, 17, 12101
List the prime factors of 1124303376.
2, 3, 7, 157, 21313
List the prime factors of 127884742.
2, 59, 257, 4217
What are the prime factors of 40120895?
5, 673, 11923
List the prime factors of 15546153.
3, 7, 73, 10141
List the prime factors of 4427398657.
11, 402490787
List the prime factors of 157706278.
2, 79, 283, 3527
What are the prime factors of 334022946?
2, 3, 61, 912631
What are the prime factors of 240482463?
3, 13, 1051, 5867
What are the prime factors of 81477295?
5, 16295459
List the prime factors of 2939352992.
2, 91854781
List the prime factors of 71294896.
2, 163, 27337
List the prime factors of 141743103.
3, 47247701
List the prime factors of 530611753.
7, 29, 1153, 2267
List the prime factors of 1070844104.
2, 11, 19, 640457
List the prime factors of 578365676.
2, 7, 29, 479, 1487
What are the prime factors of 36129163?
7, 5161309
List the prime factors of 150448058.
2, 373, 201673
What are the prime factors of 70302105?
3, 5, 1562269
What are the prime factors of 58078774?
2, 13, 59, 37861
List the prime factors of 298998370.
2, 5, 11, 83, 32749
What are the prime factors of 8978049?
3, 107, 9323
List the prime factors of 301447947.
3, 5167, 19447
What are the prime factors of 119038058?
2, 6287, 9467
List the prime factors of 2540071137.
3, 1171, 723049
What are the prime factors of 2199745001?
23, 5801, 16487
What are the prime factors of 135393216?
2, 3, 7, 131, 769
What are the prime factors of 3297588834?
2, 3, 16427, 33457
List the prime factors of 81735694.
2, 17, 197, 12203
What are the prime factors of 1215491779?
89, 13657211
What are the prime factors of 254859122?
2, 7, 19, 31, 997
What are the prime factors of 54452970?
2, 3, 5, 11, 13, 4231
List the prime factors of 3780288860.
2, 5, 189014443
What are the prime factors of 209455109?
4091, 51199
List the prime factors of 148073997.
3, 53, 263, 3541
What are the prime factors of 142744023?
3, 887, 17881
List the prime factors of 8589290881.
14057, 611033
List the prime factors of